1642*p + 6103. What is u(-4)?
63
Let i(b) = 2*b**2 + 61*b + 64. What is i(-38)?
634
Let l(j) = j**3 + 143*j**2 - 2184*j + 2206. Calculate l(-157).
8
Let c(l) = 2*l**2 + 157*l + 4100. What is c(-38)?
1022
Let j(y) = -215*y**2 + 753*y - 346. Determine j(3).
-22
Let s(f) = -2*f**3 - 231*f**2 - 5087*f - 1156. Determine s(-86).
-38
Let a(l) = 438*l - 17878. Give a(41).
80
Let p(i) = -92053*i + 552309. Give p(6).
-9
Let c(g) = -g**2 + 110602*g + 331805. What is c(-3)?
-10
Let d(v) = 4*v**2 + 105899*v + 635358. Calculate d(-6).
108
Let t(u) = 252*u - 2537. What is t(11)?
235
Let d(w) = 84*w**2 - 1219*w - 112174. Calculate d(-30).
-4
Let k(i) = -i**3 - 34*i**2 - 88*i + 175. Calculate k(-31).
20
Let v(j) = -j**2 - 4635*j - 151869. Determine v(-33).
-3
Let p(q) = -2*q**2 + 616*q + 6016. Calculate p(-10).
-344
Let w(n) = 4578*n - 27623. Determine w(6).
-155
Let r(d) = 2*d**3 + 93*d**2 + 1060*d + 57811. Give r(-48).
19
Let o(d) = -49*d**2 + 37*d + 4. Calculate o(-1).
-82
Let d(t) = -6*t**3 - 33*t**2 - 9*t + 16. What is d(-8)?
1048
Let m(z) = -449*z - 14691. Calculate m(-33).
126
Let n(g) = g**3 - 45*g**2 + 226*g - 128. Determine n(40).
912
Let s(v) = -101*v - 11789. Determine s(-118).
129
Let x(w) = -w**3 - 227*w**2 - 216*w + 2366. Calculate x(-226).
106
Let l(v) = 7*v**3 + 7*v**2 - 119*v - 4. Determine l(4).
80
Let v(b) = -1874*b - 4019. Calculate v(-2).
-271
Let z(x) = x**3 + 858*x**2 - 4091*x - 1117. What is z(5)?
3
Let s(v) = -4*v**2 + 2922*v - 59597. Give s(21).
1
Let u(i) = -176*i + 18517. Calculate u(123).
-3131
Let o(s) = s**3 - 305*s**2 - 5367*s - 34445. Give o(322).
9
Let p(v) = -23059*v + 6733266. Calculate p(292).
38
Let q(u) = 2778*u - 50073. What is q(18)?
-69
Let n(h) = -151*h**3 + 2*h**2 + 13*h + 20. Give n(-2).
1210
Let k(v) = 79*v - 18640. Calculate k(236).
4
Let b(h) = -12*h**3 + 189*h**2 + 38*h - 71. Give b(16).
-231
Let x(v) = 51*v**2 - 224*v - 324. Determine x(6).
168
Let h(p) = -4644*p**2 - 27865*p - 19. Give h(-6).
-13
Let u(s) = -6*s**2 - 16*s + 1404. Determine u(15).
-186
Let g(a) = 914*a**2 - 327215*a + 1065. Give g(358).
-9
Let b(a) = -a**2 + 287*a - 14478. Calculate b(67).
262
Let x(g) = -6*g**2 - 5*g + 3. Determine x(-9).
-438
Let h(q) = -6*q**2 + 1802*q + 150280. Give h(-68).
0
Let z(w) = 951*w - 13. What is z(1)?
938
Let d(s) = 281*s + 684. Determine d(-7).
-1283
Let n(f) = -133102*f - 798688. What is n(-6)?
-76
Let h(u) = -18*u**3 - 202*u**2 - 42*u + 24. Calculate h(-11).
2
Let g(n) = -n**3 + n**2 + 239*n + 415. Give g(-14).
9
Let k(d) = 37*d**2 + 2560*d + 405. Give k(-67).
-5022
Let i(p) = p**3 + 35*p**2 + 87*p + 2832. What is i(-34)?
1030
Let l(k) = -16*k**2 - 5266*k - 10655. Give l(-327).
463
Let i(r) = -6878*r - 1698869. Give i(-247).
-3
Let c(n) = -n**2 + 52*n + 231. What is c(-17)?
-942
Let c(h) = h**3 - 190*h**2 + 8863*h + 1486. Calculate c(83).
-8
Let h(u) = -u**3 + 12*u**2 - 504*u + 4844. What is h(10)?
4
Let a(o) = -213*o - 60864. Calculate a(-285).
-159
Let l(n) = 23205*n + 487246. Give l(-21).
-59
Let r(w) = -212*w**2 - 29041*w + 56. Calculate r(-137).
-355
Let f(y) = 40119*y + 160469. Give f(-4).
-7
Let b(y) = y**3 + 35*y**2 - 113*y - 5357. Determine b(-33).
550
Let c(i) = -i**3 + 120*i**2 + 500*i - 574. Determine c(124).
-78
Let m(g) = g**2 + 345*g + 5914. Determine m(-18).
28
Let w(b) = 8*b**3 - 1259*b**2 + 481*b - 1523. Determine w(157).
47
Let f(j) = 43*j**2 - 191*j - 824. What is f(7)?
-54
Let a(y) = 27*y**2 + 964*y - 285. Give a(-36).
3
Let z(t) = -14803*t + 3108635. Determine z(210).
5
Let k(h) = 141380*h - 5796571. What is k(41)?
9
Let r(d) = 15*d**3 + 273*d**2 + 44*d + 11. Give r(-18).
191
Let f(q) = -9*q**2 + 15*q - 46. Give f(3).
-82
Let p(s) = -6462*s - 6404. What is p(-1)?
58
Let z(w) = w**3 + 8729*w**2 - 545052*w + 619. What is z(62)?
-1
Let x(v) = 29*v**2 + 2461*v + 12. Calculate x(-85).
352
Let m(s) = 938*s - 163215. Calculate m(174).
-3
Let v(k) = -6775*k + 508152. Give v(75).
27
Let r(p) = -5384*p + 16353. Determine r(3).
201
Let p(v) = 50*v**2 - 172*v + 7. Give p(4).
119
Let v(p) = -76*p + 2263. What is v(18)?
895
Let k(o) = -2*o**2 + 177*o + 5519. Determine k(113).
-18
Let d(r) = -8*r**2 - 10*r + 638. Give d(13).
-844
Let o(b) = 19*b**2 - 492*b + 232. Calculate o(19).
-2257
Let h(d) = -d**3 + 21*d**2 - 25*d + 78. Calculate h(18).
600
Let b(z) = 26677*z - 6535860. What is b(245)?
5
Let q(j) = -j**2 + 93*j - 3121. Give q(45).
-961
Let o(a) = 4*a**3 + 19*a**2 + 180*a + 1399. Determine o(-8).
-873
Let m(r) = r**3 + 52*r**2 - 138*r - 2407. Calculate m(-54).
-787
Let f(s) = 2*s**2 + 117*s - 24224. What is f(85)?
171
Let k(j) = -3*j**2 - 10001*j + 19997. Give k(2).
-17
Let i(x) = -9*x**2 - 163*x + 26. Give i(-14).
544
Let r(u) = 78514*u + 2590966. What is r(-33)?
4
Let t(n) = -82*n - 4897. Determine t(-47).
-1043
Let q(g) = -1802*g**2 - 1821*g + 5. Give q(-1).
24
Let j(b) = 938780*b - 3755127. What is j(4)?
-7
Let p(s) = -161229*s + 4514429. Determine p(28).
17
Let k(l) = -31160*l - 498536. What is k(-16)?
24
Let c(f) = -f**2 + 15*f - 77. Give c(5).
-27
Let v(r) = -2464*r - 9780. Determine v(-4).
76
Let i(u) = 46*u + 2722. What is i(-26)?
1526
Let d(i) = -5*i**3 - 184*i**2 + 95*i + 2155. What is d(-37)?
9
Let v(j) = -133*j**2 - 1266*j - 2920. Determine v(-4).
16
Let u(a) = 4*a**3 + 521*a**2 + 139*a + 1170. Determine u(-130).
0
Let o(k) = -3*k**2 + 822*k - 54886. Give o(159).
-31
Let t(h) = -4*h**2 - 4802*h + 19258. What is t(4)?
-14
Let q(r) = -23*r**2 + 115139*r - 345413. What is q(3)?
-203
Let s(y) = y**3 - 163*y**2 + 6367*y - 10611. Give s(101).
-6
Let i(x) = 12*x**2 + 132*x + 7. What is i(-8)?
-281
Let z(c) = c**2 - 1075*c + 25529. Determine z(24).
305
Let p(j) = -57*j**2 + 618*j + 320. What is p(12)?
-472
Let j(c) = -c**2 + 43*c + 20321. Calculate j(-123).
-97
Let t(j) = 2*j**2 - 68*j - 1328. Calculate t(-15).
142
Let y(n) = -2*n**3 - 25*n**2 + 151*n - 369. Calculate y(-18).
477
Let s(a) = a**3 + 49*a**2 + 504*a + 491. Give s(-13).
23
Let f(b) = b**3 + 174*b**2 - 8288*b + 4046. Calculate f(-213).
-1
Let s(g) = -g**2 + 58*g + 2209. Determine s(-24).
241
Let p(m) = -m**2 - 130*m - 4029. What is p(-54)?
75
Let w(k) = -k**3 + 170*k**2 - 1904*k + 1312. Determine w(158).
48
Let x(t) = 12*t**2 + 255*t - 3328. Calculate x(9).
-61
Let x(y) = -184*y**2 + 140*y - 31. Calculate x(0).
-31
Let x(l) = l**2 - 103*l - 2118. What is x(118)?
-348
Let l(o) = -488*o**2 + 105895*o + 142. Calculate l(217).
-75
Let n(i) = -2571*i - 3080132. What is n(-1198)?
-74
Let n(i) = 760*i + 162770. What is n(-214)?
130
Let r(h) = -26*h**2 - 226*h + 1769. Calculate r(5).
-11
Let a(h) = 2*h**3 - 74*h**2 - 42*h - 1129. What is a(38)?
163
Let x(r) = -234*r**2 - 28*r - 3. Give x(-1).
-209
Let h(t) = -134*t + 20286. Determine h(153).
-216
Let v(a) = 443*a**2 - 8*a + 538. What is v(0)?
538
Let l(c) = c**3 - 202*c**2 - 1464*c + 186. Calculate l(209).
-23
Let r(u) = -u**2 - 3754*u + 33707. Determine r(9).
-160
Let n(c) = 11*c**3 - 727*c**2 + 73*c - 456. Determine n(66).
6
Let v(p) = -2*p**3 - 435*p**2 - 6759*p + 1013. What is v(-17)?
27
Let q(x) = x**3 + 38*x**2 - 255*x - 1654. Give q(-43).
66
Let c(f) = 20*f**2 + 3957*f - 586. Calculate c(-198).
8
Let f(m) = -20878*m + 208793. Give f(10).
13
Let g(t) = -23*t**2 + 3115*t + 37060. Give g(-11).
12
Let y(n) = -3*n**3 + 353*n**2 - 910*n + 758. Calculate y(115).
1908
Let o(f) = -f**3 - 75*f**2 - 99*f + 3481. Give o(-73).
50
Let o(z) = -32*z**3 - 552*z**2 - 1454*z + 29. Give o(-14).
1
Let j(m) = -182*m**3 - 6916*m**2 - 1475*m - 56055. Determine j(-38).
-5
Let d(l) = l**3 + 140*l**2 + 252*l - 3252. Determine d(-138).
60
Let q(j) = -32*j**2 - 900*j - 253. What is q(-28)?
-141
Let f(t) = 78*t**3 + 11*t**2 - 5*t - 70. Give f(-3).
-2062
Let m(v) = 2084059*v + 12504345. Give m(-6).
-9
Let u(r) = 8*r - 848. Calculate u(-67).
-1384
Let k(v) = -v**3 + 3*v**2 + 768*v + 421. What is k(-26)?
57
Let l(k) = -129*k**2 - 192*k + 552. Give l(3).
-1185
Let i(p) = 8*p**2 - 244*p - 698. Calculate i(-3).
106
Let f(j) = -242164*j + 8475733. Calculate f(35).
-7
Let d(m) = 3321*m - 47859. Determine d(14).
-1365
Let s(r) = -5592*r - 648677. Calculate s(-116).
-5
Let t(d) = -674*d - 6837. Give t(-5).
-3467
Let g(u) = u**3 + 686*u**2 + 1783*u + 283868. Give g(-684).
8
Let p(z) = z**3 + 83*z**2 - 2583*z - 1373. W